{"id":534,"date":"2023-03-08T11:17:13","date_gmt":"2023-03-08T11:17:13","guid":{"rendered":"https:\/\/kvartstudio.com\/index.php\/home\/"},"modified":"2023-11-12T19:18:15","modified_gmt":"2023-11-12T19:18:15","slug":"home","status":"publish","type":"page","link":"https:\/\/kvartstudio.com\/","title":{"rendered":"Home"},"content":{"rendered":"\t\t<div data-elementor-type=\"wp-page\" data-elementor-id=\"534\" class=\"elementor elementor-534\">\n\t\t\t\t\t\t\t\t\t<section class=\"elementor-section elementor-top-section elementor-element elementor-element-ada4758 elementor-section-full_width elementor-section-height-default elementor-section-height-default\" data-id=\"ada4758\" data-element_type=\"section\">\n\t\t\t\t\t\t<div class=\"elementor-container elementor-column-gap-no\">\n\t\t\t\t\t<div class=\"elementor-column elementor-col-100 elementor-top-column elementor-element elementor-element-8027989\" data-id=\"8027989\" data-element_type=\"column\">\n\t\t\t<div class=\"elementor-widget-wrap elementor-element-populated\">\n\t\t\t\t\t\t\t\t<div class=\"elementor-element elementor-element-23c5790 elementor-widget elementor-widget-heading\" data-id=\"23c5790\" data-element_type=\"widget\" data-widget_type=\"heading.default\">\n\t\t\t\t<div class=\"elementor-widget-container\">\n\t\t\t<style>\/*! elementor - v3.17.0 - 01-11-2023 *\/\n.elementor-heading-title{padding:0;margin:0;line-height:1}.elementor-widget-heading .elementor-heading-title[class*=elementor-size-]>a{color:inherit;font-size:inherit;line-height:inherit}.elementor-widget-heading .elementor-heading-title.elementor-size-small{font-size:15px}.elementor-widget-heading .elementor-heading-title.elementor-size-medium{font-size:19px}.elementor-widget-heading .elementor-heading-title.elementor-size-large{font-size:29px}.elementor-widget-heading .elementor-heading-title.elementor-size-xl{font-size:39px}.elementor-widget-heading .elementor-heading-title.elementor-size-xxl{font-size:59px}<\/style><h1 class=\"elementor-heading-title elementor-size-default\">Kiekviena l\u0117l\u0117 yra unikalus meno k\u016brinys, atne\u0161antis su savimi pasaki\u0161kum\u0105 ir i\u0161skirtinum\u0105.<\/h1>\t\t<\/div>\n\t\t\t\t<\/div>\n\t\t\t\t<section class=\"elementor-section elementor-inner-section elementor-element elementor-element-3660421 elementor-section-full_width elementor-section-height-default elementor-section-height-default\" data-id=\"3660421\" data-element_type=\"section\">\n\t\t\t\t\t\t<div class=\"elementor-container elementor-column-gap-no\">\n\t\t\t\t\t<div class=\"elementor-column elementor-col-100 elementor-inner-column elementor-element elementor-element-451b23b\" data-id=\"451b23b\" data-element_type=\"column\">\n\t\t\t<div class=\"elementor-widget-wrap elementor-element-populated\">\n\t\t\t\t\t\t\t\t<div class=\"elementor-element elementor-element-0307150 elementor-widget elementor-widget-image\" data-id=\"0307150\" data-element_type=\"widget\" data-widget_type=\"image.default\">\n\t\t\t\t<div class=\"elementor-widget-container\">\n\t\t\t<style>\/*! elementor - v3.17.0 - 01-11-2023 *\/\n.elementor-widget-image{text-align:center}.elementor-widget-image a{display:inline-block}.elementor-widget-image a img[src$=\".svg\"]{width:48px}.elementor-widget-image img{vertical-align:middle;display:inline-block}<\/style>\t\t\t\t\t\t\t\t\t\t\t\t<img fetchpriority=\"high\" decoding=\"async\" width=\"2048\" height=\"1224\" src=\"https:\/\/kvartstudio.com\/wp-content\/uploads\/2023\/11\/382972917_7310415425640133_4045532769215104566_n.jpg\" class=\"attachment-full size-full wp-image-562\" alt=\"\" srcset=\"https:\/\/kvartstudio.com\/wp-content\/uploads\/2023\/11\/382972917_7310415425640133_4045532769215104566_n.jpg 2048w, https:\/\/kvartstudio.com\/wp-content\/uploads\/2023\/11\/382972917_7310415425640133_4045532769215104566_n-300x179.jpg 300w, https:\/\/kvartstudio.com\/wp-content\/uploads\/2023\/11\/382972917_7310415425640133_4045532769215104566_n-1024x612.jpg 1024w, https:\/\/kvartstudio.com\/wp-content\/uploads\/2023\/11\/382972917_7310415425640133_4045532769215104566_n-768x459.jpg 768w, https:\/\/kvartstudio.com\/wp-content\/uploads\/2023\/11\/382972917_7310415425640133_4045532769215104566_n-1536x918.jpg 1536w, https:\/\/kvartstudio.com\/wp-content\/uploads\/2023\/11\/382972917_7310415425640133_4045532769215104566_n-600x359.jpg 600w\" sizes=\"(max-width: 2048px) 100vw, 2048px\" \/>\t\t\t\t\t\t\t\t\t\t\t\t\t\t\t<\/div>\n\t\t\t\t<\/div>\n\t\t\t\t<div class=\"elementor-element elementor-element-ec1ac80 elementor-widget elementor-widget-heading\" data-id=\"ec1ac80\" data-element_type=\"widget\" data-widget_type=\"heading.default\">\n\t\t\t\t<div class=\"elementor-widget-container\">\n\t\t\t<h2 class=\"elementor-heading-title elementor-size-default\">With Brenda's expertise and experience, paired with Kim's innovative approach and attention to detail, ArchMasters has quickly become a leader in the industry.<\/h2>\t\t<\/div>\n\t\t\t\t<\/div>\n\t\t\t\t<div class=\"elementor-element elementor-element-b3c77f1 elementor-widget elementor-widget-heading\" data-id=\"b3c77f1\" data-element_type=\"widget\" data-widget_type=\"heading.default\">\n\t\t\t\t<div class=\"elementor-widget-container\">\n\t\t\t<h5 class=\"elementor-heading-title elementor-size-default\">Their commitment to excellence and customer satisfaction has earned them a loyal following of clients who appreciate their dedication to creating breathtaking, functional spaces that exceed expectations. Lorem ipsum dolor sit amet, consectetur adipiscing elit. Maecenas vitae malesuada lectus, nec fringilla tortor. Mauris ut blandit lorem. Sed volutpat turpis vel ex cursus placerat. Praesent non elit et velit aliquet elementum eget at erat.<\/h5>\t\t<\/div>\n\t\t\t\t<\/div>\n\t\t\t\t<div class=\"elementor-element elementor-element-ad2025b elementor-mobile-align-center elementor-widget elementor-widget-button\" data-id=\"ad2025b\" data-element_type=\"widget\" data-widget_type=\"button.default\">\n\t\t\t\t<div class=\"elementor-widget-container\">\n\t\t\t\t\t<div class=\"elementor-button-wrapper\">\n\t\t\t<a class=\"elementor-button elementor-button-link elementor-size-sm\" href=\"#\">\n\t\t\t\t\t\t<span class=\"elementor-button-content-wrapper\">\n\t\t\t\t\t\t<span class=\"elementor-button-text\">Read More<\/span>\n\t\t<\/span>\n\t\t\t\t\t<\/a>\n\t\t<\/div>\n\t\t\t\t<\/div>\n\t\t\t\t<\/div>\n\t\t\t\t\t<\/div>\n\t\t<\/div>\n\t\t\t\t\t\t\t<\/div>\n\t\t<\/section>\n\t\t\t\t<section class=\"elementor-section elementor-inner-section elementor-element elementor-element-5fdd134 elementor-section-full_width elementor-section-height-default elementor-section-height-default\" data-id=\"5fdd134\" data-element_type=\"section\">\n\t\t\t\t\t\t<div class=\"elementor-container elementor-column-gap-no\">\n\t\t\t\t\t<div class=\"elementor-column elementor-col-100 elementor-inner-column elementor-element elementor-element-f7c3dd2\" data-id=\"f7c3dd2\" data-element_type=\"column\">\n\t\t\t<div class=\"elementor-widget-wrap elementor-element-populated\">\n\t\t\t\t\t\t\t\t<div class=\"elementor-element elementor-element-13311af elementor-widget elementor-widget-heading\" data-id=\"13311af\" data-element_type=\"widget\" data-widget_type=\"heading.default\">\n\t\t\t\t<div class=\"elementor-widget-container\">\n\t\t\t<h6 class=\"elementor-heading-title elementor-size-default\">Portfolio<\/h6>\t\t<\/div>\n\t\t\t\t<\/div>\n\t\t\t\t<div class=\"elementor-element elementor-element-1a5ce5e gallery-spacing-custom elementor-widget elementor-widget-image-gallery\" data-id=\"1a5ce5e\" data-element_type=\"widget\" data-widget_type=\"image-gallery.default\">\n\t\t\t\t<div class=\"elementor-widget-container\">\n\t\t\t<style>\/*! elementor - v3.17.0 - 01-11-2023 *\/\n.elementor-image-gallery .gallery-item{display:inline-block;text-align:center;vertical-align:top;width:100%;max-width:100%;margin:0 auto}.elementor-image-gallery .gallery-item img{margin:0 auto}.elementor-image-gallery .gallery-item .gallery-caption{margin:0}.elementor-image-gallery figure img{display:block}.elementor-image-gallery figure figcaption{width:100%}.gallery-spacing-custom .elementor-image-gallery .gallery-icon{padding:0}@media (min-width:768px){.elementor-image-gallery .gallery-columns-2 .gallery-item{max-width:50%}.elementor-image-gallery .gallery-columns-3 .gallery-item{max-width:33.33%}.elementor-image-gallery .gallery-columns-4 .gallery-item{max-width:25%}.elementor-image-gallery .gallery-columns-5 .gallery-item{max-width:20%}.elementor-image-gallery .gallery-columns-6 .gallery-item{max-width:16.666%}.elementor-image-gallery .gallery-columns-7 .gallery-item{max-width:14.28%}.elementor-image-gallery .gallery-columns-8 .gallery-item{max-width:12.5%}.elementor-image-gallery .gallery-columns-9 .gallery-item{max-width:11.11%}.elementor-image-gallery .gallery-columns-10 .gallery-item{max-width:10%}}@media (min-width:480px) and (max-width:767px){.elementor-image-gallery .gallery.gallery-columns-2 .gallery-item,.elementor-image-gallery .gallery.gallery-columns-3 .gallery-item,.elementor-image-gallery .gallery.gallery-columns-4 .gallery-item,.elementor-image-gallery .gallery.gallery-columns-5 .gallery-item,.elementor-image-gallery .gallery.gallery-columns-6 .gallery-item,.elementor-image-gallery .gallery.gallery-columns-7 .gallery-item,.elementor-image-gallery .gallery.gallery-columns-8 .gallery-item,.elementor-image-gallery .gallery.gallery-columns-9 .gallery-item,.elementor-image-gallery .gallery.gallery-columns-10 .gallery-item{max-width:50%}}@media (max-width:479px){.elementor-image-gallery .gallery.gallery-columns-2 .gallery-item,.elementor-image-gallery .gallery.gallery-columns-3 .gallery-item,.elementor-image-gallery .gallery.gallery-columns-4 .gallery-item,.elementor-image-gallery .gallery.gallery-columns-5 .gallery-item,.elementor-image-gallery .gallery.gallery-columns-6 .gallery-item,.elementor-image-gallery .gallery.gallery-columns-7 .gallery-item,.elementor-image-gallery .gallery.gallery-columns-8 .gallery-item,.elementor-image-gallery .gallery.gallery-columns-9 .gallery-item,.elementor-image-gallery .gallery.gallery-columns-10 .gallery-item{max-width:100%}}<\/style>\t\t<div class=\"elementor-image-gallery\">\n\t\t\t<div id='gallery-1' class='gallery galleryid-534 gallery-columns-2 gallery-size-full'><figure class='gallery-item'>\n\t\t\t<div class='gallery-icon portrait'>\n\t\t\t\t<a data-elementor-open-lightbox=\"yes\" data-elementor-lightbox-slideshow=\"1a5ce5e\" data-elementor-lightbox-title=\"portfolio-03\" data-e-action-hash=\"#elementor-action%3Aaction%3Dlightbox%26settings%3DeyJpZCI6MjA5LCJ1cmwiOiJodHRwczpcL1wva3ZhcnRzdHVkaW8uY29tXC93cC1jb250ZW50XC91cGxvYWRzXC8yMDIzXC8wM1wvcG9ydGZvbGlvLTAzLmpwZyIsInNsaWRlc2hvdyI6IjFhNWNlNWUifQ%3D%3D\" href='https:\/\/kvartstudio.com\/wp-content\/uploads\/2023\/03\/portfolio-03.jpg'><img width=\"1100\" height=\"1400\" src=\"https:\/\/kvartstudio.com\/wp-content\/uploads\/2023\/03\/portfolio-03.jpg\" class=\"attachment-full size-full\" alt=\"\" decoding=\"async\" aria-describedby=\"gallery-1-209\" srcset=\"https:\/\/kvartstudio.com\/wp-content\/uploads\/2023\/03\/portfolio-03.jpg 1100w, https:\/\/kvartstudio.com\/wp-content\/uploads\/2023\/03\/portfolio-03-600x764.jpg 600w, https:\/\/kvartstudio.com\/wp-content\/uploads\/2023\/03\/portfolio-03-236x300.jpg 236w, https:\/\/kvartstudio.com\/wp-content\/uploads\/2023\/03\/portfolio-03-805x1024.jpg 805w, https:\/\/kvartstudio.com\/wp-content\/uploads\/2023\/03\/portfolio-03-768x977.jpg 768w\" sizes=\"(max-width: 1100px) 100vw, 1100px\" \/><\/a>\n\t\t\t<\/div>\n\t\t\t\t<figcaption class='wp-caption-text gallery-caption' id='gallery-1-209'>\n\t\t\t\tSkyline Tower &#8211; A sleek and modern high-rise for urban living\n\t\t\t\t<\/figcaption><\/figure><figure class='gallery-item'>\n\t\t\t<div class='gallery-icon portrait'>\n\t\t\t\t<a data-elementor-open-lightbox=\"yes\" data-elementor-lightbox-slideshow=\"1a5ce5e\" data-elementor-lightbox-title=\"portfolio-04\" data-e-action-hash=\"#elementor-action%3Aaction%3Dlightbox%26settings%3DeyJpZCI6MjEwLCJ1cmwiOiJodHRwczpcL1wva3ZhcnRzdHVkaW8uY29tXC93cC1jb250ZW50XC91cGxvYWRzXC8yMDIzXC8wM1wvcG9ydGZvbGlvLTA0LmpwZyIsInNsaWRlc2hvdyI6IjFhNWNlNWUifQ%3D%3D\" href='https:\/\/kvartstudio.com\/wp-content\/uploads\/2023\/03\/portfolio-04.jpg'><img width=\"1100\" height=\"1250\" src=\"https:\/\/kvartstudio.com\/wp-content\/uploads\/2023\/03\/portfolio-04.jpg\" class=\"attachment-full size-full\" alt=\"\" decoding=\"async\" aria-describedby=\"gallery-1-210\" srcset=\"https:\/\/kvartstudio.com\/wp-content\/uploads\/2023\/03\/portfolio-04.jpg 1100w, https:\/\/kvartstudio.com\/wp-content\/uploads\/2023\/03\/portfolio-04-264x300.jpg 264w, https:\/\/kvartstudio.com\/wp-content\/uploads\/2023\/03\/portfolio-04-901x1024.jpg 901w, https:\/\/kvartstudio.com\/wp-content\/uploads\/2023\/03\/portfolio-04-768x873.jpg 768w, https:\/\/kvartstudio.com\/wp-content\/uploads\/2023\/03\/portfolio-04-600x682.jpg 600w\" sizes=\"(max-width: 1100px) 100vw, 1100px\" \/><\/a>\n\t\t\t<\/div>\n\t\t\t\t<figcaption class='wp-caption-text gallery-caption' id='gallery-1-210'>\n\t\t\t\tCoastal Cottage &#8211; A cozy and charming beachside home\n\t\t\t\t<\/figcaption><\/figure><figure class='gallery-item'>\n\t\t\t<div class='gallery-icon portrait'>\n\t\t\t\t<a data-elementor-open-lightbox=\"yes\" data-elementor-lightbox-slideshow=\"1a5ce5e\" data-elementor-lightbox-title=\"portfolio-08\" data-e-action-hash=\"#elementor-action%3Aaction%3Dlightbox%26settings%3DeyJpZCI6MjE0LCJ1cmwiOiJodHRwczpcL1wva3ZhcnRzdHVkaW8uY29tXC93cC1jb250ZW50XC91cGxvYWRzXC8yMDIzXC8wM1wvcG9ydGZvbGlvLTA4LmpwZyIsInNsaWRlc2hvdyI6IjFhNWNlNWUifQ%3D%3D\" href='https:\/\/kvartstudio.com\/wp-content\/uploads\/2023\/03\/portfolio-08.jpg'><img loading=\"lazy\" width=\"1100\" height=\"1250\" src=\"https:\/\/kvartstudio.com\/wp-content\/uploads\/2023\/03\/portfolio-08.jpg\" class=\"attachment-full size-full\" alt=\"\" decoding=\"async\" aria-describedby=\"gallery-1-214\" srcset=\"https:\/\/kvartstudio.com\/wp-content\/uploads\/2023\/03\/portfolio-08.jpg 1100w, https:\/\/kvartstudio.com\/wp-content\/uploads\/2023\/03\/portfolio-08-264x300.jpg 264w, https:\/\/kvartstudio.com\/wp-content\/uploads\/2023\/03\/portfolio-08-901x1024.jpg 901w, https:\/\/kvartstudio.com\/wp-content\/uploads\/2023\/03\/portfolio-08-768x873.jpg 768w, https:\/\/kvartstudio.com\/wp-content\/uploads\/2023\/03\/portfolio-08-600x682.jpg 600w\" sizes=\"(max-width: 1100px) 100vw, 1100px\" \/><\/a>\n\t\t\t<\/div>\n\t\t\t\t<figcaption class='wp-caption-text gallery-caption' id='gallery-1-214'>\n\t\t\t\tGarden Sanctuary &#8211; A tranquil and lush outdoor space for relaxation and entertainment\n\t\t\t\t<\/figcaption><\/figure><figure class='gallery-item'>\n\t\t\t<div class='gallery-icon portrait'>\n\t\t\t\t<a data-elementor-open-lightbox=\"yes\" data-elementor-lightbox-slideshow=\"1a5ce5e\" data-elementor-lightbox-title=\"portfolio-07\" data-e-action-hash=\"#elementor-action%3Aaction%3Dlightbox%26settings%3DeyJpZCI6MjEzLCJ1cmwiOiJodHRwczpcL1wva3ZhcnRzdHVkaW8uY29tXC93cC1jb250ZW50XC91cGxvYWRzXC8yMDIzXC8wM1wvcG9ydGZvbGlvLTA3LmpwZyIsInNsaWRlc2hvdyI6IjFhNWNlNWUifQ%3D%3D\" href='https:\/\/kvartstudio.com\/wp-content\/uploads\/2023\/03\/portfolio-07.jpg'><img loading=\"lazy\" width=\"1100\" height=\"1400\" src=\"https:\/\/kvartstudio.com\/wp-content\/uploads\/2023\/03\/portfolio-07.jpg\" class=\"attachment-full size-full\" alt=\"\" decoding=\"async\" aria-describedby=\"gallery-1-213\" srcset=\"https:\/\/kvartstudio.com\/wp-content\/uploads\/2023\/03\/portfolio-07.jpg 1100w, https:\/\/kvartstudio.com\/wp-content\/uploads\/2023\/03\/portfolio-07-236x300.jpg 236w, https:\/\/kvartstudio.com\/wp-content\/uploads\/2023\/03\/portfolio-07-805x1024.jpg 805w, https:\/\/kvartstudio.com\/wp-content\/uploads\/2023\/03\/portfolio-07-768x977.jpg 768w, https:\/\/kvartstudio.com\/wp-content\/uploads\/2023\/03\/portfolio-07-600x764.jpg 600w\" sizes=\"(max-width: 1100px) 100vw, 1100px\" \/><\/a>\n\t\t\t<\/div>\n\t\t\t\t<figcaption class='wp-caption-text gallery-caption' id='gallery-1-213'>\n\t\t\t\tThe Green Oasis &#8211; A sustainable and serene residential retreat\n\t\t\t\t<\/figcaption><\/figure>\n\t\t<\/div>\n\t\t<\/div>\n\t\t\t\t<\/div>\n\t\t\t\t<\/div>\n\t\t\t\t\t<\/div>\n\t\t<\/div>\n\t\t\t\t\t\t\t<\/div>\n\t\t<\/section>\n\t\t\t\t<section class=\"elementor-section elementor-inner-section elementor-element elementor-element-2ad63b7 elementor-section-full_width elementor-section-height-default elementor-section-height-default\" data-id=\"2ad63b7\" data-element_type=\"section\">\n\t\t\t\t\t\t<div class=\"elementor-container elementor-column-gap-no\">\n\t\t\t\t\t<div class=\"elementor-column elementor-col-100 elementor-inner-column elementor-element elementor-element-df42f25\" data-id=\"df42f25\" data-element_type=\"column\">\n\t\t\t<div class=\"elementor-widget-wrap elementor-element-populated\">\n\t\t\t\t\t\t\t\t<div class=\"elementor-element elementor-element-36bc018 elementor-widget elementor-widget-heading\" data-id=\"36bc018\" data-element_type=\"widget\" data-widget_type=\"heading.default\">\n\t\t\t\t<div class=\"elementor-widget-container\">\n\t\t\t<h2 class=\"elementor-heading-title elementor-size-default\">Whether you're in need of residential, commercial, or institutional design services, we have the expertise and creativity to bring your project to life.<\/h2>\t\t<\/div>\n\t\t\t\t<\/div>\n\t\t\t\t<div class=\"elementor-element elementor-element-5173e87 elementor-mobile-align-center elementor-widget elementor-widget-button\" data-id=\"5173e87\" data-element_type=\"widget\" data-widget_type=\"button.default\">\n\t\t\t\t<div class=\"elementor-widget-container\">\n\t\t\t\t\t<div class=\"elementor-button-wrapper\">\n\t\t\t<a class=\"elementor-button elementor-button-link elementor-size-sm\" href=\"#\">\n\t\t\t\t\t\t<span class=\"elementor-button-content-wrapper\">\n\t\t\t\t\t\t<span class=\"elementor-button-text\">Contact Us<\/span>\n\t\t<\/span>\n\t\t\t\t\t<\/a>\n\t\t<\/div>\n\t\t\t\t<\/div>\n\t\t\t\t<\/div>\n\t\t\t\t\t<\/div>\n\t\t<\/div>\n\t\t\t\t\t\t\t<\/div>\n\t\t<\/section>\n\t\t\t\t\t<\/div>\n\t\t<\/div>\n\t\t\t\t\t\t\t<\/div>\n\t\t<\/section>\n\t\t\t\t\t\t\t<\/div>\n\t\t","protected":false},"excerpt":{"rendered":"<p>Kiekviena l\u0117l\u0117 yra unikalus meno k\u016brinys, atne\u0161antis su savimi pasaki\u0161kum\u0105 ir i\u0161skirtinum\u0105. With Brenda&#8217;s expertise and experience, paired with Kim&#8217;s innovative approach and attention to detail, ArchMasters has quickly become a leader in the industry. Their commitment to excellence and customer satisfaction has earned them a loyal following of clients who appreciate their dedication to &hellip;<\/p>\n<p class=\"read-more\"> <a class=\"\" href=\"https:\/\/kvartstudio.com\/\"> <span class=\"screen-reader-text\">Home<\/span> Skaityti daugiau &raquo;<\/a><\/p>\n","protected":false},"author":2,"featured_media":0,"parent":0,"menu_order":0,"comment_status":"closed","ping_status":"closed","template":"elementor_header_footer","meta":{"site-sidebar-layout":"no-sidebar","site-content-layout":"page-builder","ast-site-content-layout":"","site-content-style":"default","site-sidebar-style":"default","ast-global-header-display":"","ast-banner-title-visibility":"","ast-main-header-display":"","ast-hfb-above-header-display":"","ast-hfb-below-header-display":"","ast-hfb-mobile-header-display":"","site-post-title":"disabled","ast-breadcrumbs-content":"","ast-featured-img":"disabled","footer-sml-layout":"","theme-transparent-header-meta":"enabled","adv-header-id-meta":"","stick-header-meta":"","header-above-stick-meta":"","header-main-stick-meta":"","header-below-stick-meta":"","astra-migrate-meta-layouts":"","ast-page-background-enabled":"default","ast-page-background-meta":{"desktop":{"background-color":"var(--ast-global-color-4)","background-image":"","background-repeat":"repeat","background-position":"center center","background-size":"auto","background-attachment":"scroll","background-type":"","background-media":"","overlay-type":"","overlay-color":"","overlay-gradient":""},"tablet":{"background-color":"","background-image":"","background-repeat":"repeat","background-position":"center center","background-size":"auto","background-attachment":"scroll","background-type":"","background-media":"","overlay-type":"","overlay-color":"","overlay-gradient":""},"mobile":{"background-color":"","background-image":"","background-repeat":"repeat","background-position":"center center","background-size":"auto","background-attachment":"scroll","background-type":"","background-media":"","overlay-type":"","overlay-color":"","overlay-gradient":""}},"ast-content-background-meta":{"desktop":{"background-color":"var(--ast-global-color-5)","background-image":"","background-repeat":"repeat","background-position":"center center","background-size":"auto","background-attachment":"scroll","background-type":"","background-media":"","overlay-type":"","overlay-color":"","overlay-gradient":""},"tablet":{"background-color":"var(--ast-global-color-5)","background-image":"","background-repeat":"repeat","background-position":"center center","background-size":"auto","background-attachment":"scroll","background-type":"","background-media":"","overlay-type":"","overlay-color":"","overlay-gradient":""},"mobile":{"background-color":"var(--ast-global-color-5)","background-image":"","background-repeat":"repeat","background-position":"center center","background-size":"auto","background-attachment":"scroll","background-type":"","background-media":"","overlay-type":"","overlay-color":"","overlay-gradient":""}},"footnotes":""},"aioseo_notices":[],"_links":{"self":[{"href":"https:\/\/kvartstudio.com\/index.php\/wp-json\/wp\/v2\/pages\/534"}],"collection":[{"href":"https:\/\/kvartstudio.com\/index.php\/wp-json\/wp\/v2\/pages"}],"about":[{"href":"https:\/\/kvartstudio.com\/index.php\/wp-json\/wp\/v2\/types\/page"}],"author":[{"embeddable":true,"href":"https:\/\/kvartstudio.com\/index.php\/wp-json\/wp\/v2\/users\/2"}],"replies":[{"embeddable":true,"href":"https:\/\/kvartstudio.com\/index.php\/wp-json\/wp\/v2\/comments?post=534"}],"version-history":[{"count":7,"href":"https:\/\/kvartstudio.com\/index.php\/wp-json\/wp\/v2\/pages\/534\/revisions"}],"predecessor-version":[{"id":566,"href":"https:\/\/kvartstudio.com\/index.php\/wp-json\/wp\/v2\/pages\/534\/revisions\/566"}],"wp:attachment":[{"href":"https:\/\/kvartstudio.com\/index.php\/wp-json\/wp\/v2\/media?parent=534"}],"curies":[{"name":"wp","href":"https:\/\/api.w.org\/{rel}","templated":true}]}}